+ r. What is the units digit of d?
7
Let p be (2 - (-2)/(-1))/(-2). Suppose 7*h - 2*h - 50 = p. What is the units digit of h?
0
Let l(z) = z**3 - 6*z**2 - 6*z + 5. Let d(g) = g**2 + 6*g - 9. Let p be d(-8). What is the tens digit of l(p)?
1
Let a(i) be the second derivative of -i**3/6 - 9*i**2/2 + i. Let t be a(-11). Suppose -30 = -0*u - t*u. What is the units digit of u?
5
Suppose -1 = -4*v + 7. Suppose -v*z + 4 = 2*z. What is the units digit of z?
1
Let b(p) = 10*p - 1. Suppose -3*f - 2*f + 42 = 4*k, 2*f = -3*k + 21. Let g(i) = i - 5. Let w be g(f). What is the units digit of b(w)?
9
Let n be 60/2 + (-2 - -2). What is the tens digit of 474/n + (-1)/(-5)?
1
Suppose -s + 46 = -2*q - 0, 0 = -q + 1. What is the tens digit of s?
4
Let x(t) = 21*t**2 - 3*t + 5. What is the tens digit of x(-3)?
0
Let p(v) = -7*v - 4. What is the units digit of p(-4)?
4
Let g be ((-28)/6)/(3/(-126)). Suppose 0 = -4*y + g - 32. Suppose -5*k + y + 4 = 0. What is the units digit of k?
9
Suppose -5*h + 3*f - 160 = 0, 3*f + 0*f + 155 = -4*h. What is the tens digit of 118/10 - 7/h?
1
Suppose 0 = -2*r + 2*s - 8, 4*r - s - 1 + 8 = 0. What is the units digit of ((-12)/(-14))/(r/(-7))?
6
Let p(r) = 3*r - 4*r - r + 3 + r. Let y be p(0). Suppose -y*w = o - 31, 0*o + 5*o = 20. What is the units digit of w?
9
Let h(y) be the third derivative of 1/6*y**3 - 1/60*y**5 + 1/24*y**4 + 0*y + y**2 + 0. What is the units digit of h(0)?
1
What is the hundreds digit of 116 + (5 - (5 - 1))?
1
What is the units digit of 150*(-2 + 15/5)?
0
Let r = 0 + 0. Suppose 3*o - o - 4 = r. Suppose 4*p - 6 = -4*b + 26, o*p + 5*b = 19. What is the units digit of p?
7
Let n(m) = m + 18. What is the tens digit of n(0)?
1
Suppose -s + 144 = s. Suppose p - s = -2*p. Suppose 6*w = 2*w + p. What is the units digit of w?
6
Let d be 3 - (1 - (3 + -5)). Suppose 4*m - 27 - 25 = d. What is the units digit of m?
3
Suppose -5*f = -75 - 60. What is the tens digit of f?
2
Suppose -5*a = -2*a - 9. Suppose -a*f = m - 52, 4*f - 2*m = 36 + 20. Suppose 3*r - r = f. What is the units digit of r?
8
Let h(w) = -w + 4. Let k be h(0). Suppose k*p + 6 = 5*p. Suppose 2*x = -2*y - 0 + p, -5*y = x - 19. What is the units digit of y?
4
Suppose 3 = 4*b - 9. Suppose 3*c - 15 = 3*x + 9, 0 = b*c + x - 8. What is the units digit of c?
4
Let b(u) be the third derivative of u**5/60 - u**4/4 + u**3/6 - 2*u**2. Let r be b(6). Suppose -r = -4*y + 55. What is the tens digit of y?
1
Let g = 62 + -27. What is the tens digit of g - ((-16)/4)/(-4)?
3
Let m = -148 - -336. What is the tens digit of m?
8
Let y = -8 + 4. Let n(p) = -p**2 - 6*p - 5. Let b be n(y). Suppose -4 = -b*c - 1. What is the units digit of c?
1
Let s(q) = -q**3 - 6*q**2 - 3*q + 5. Let h be s(-6). Let n = -16 + h. What is the units digit of n?
7
Suppose 0 = 3*d - 36 - 21. What is the tens digit of d?
1
Let t = -16 + 12. Let f = t + 11. What is the units digit of f?
7
Suppose -10 - 16 = -2*q - 2*w, -q - 5*w = -17. What is the tens digit of q?
1
Suppose 79 = 2*q + p - 27, -4 = p. What is the units digit of q?
5
Let i = -7 + 12. What is the units digit of i?
5
Let m(k) = -6*k + k**2 - 2 + 3 + 0. What is the units digit of m(7)?
8
Let w = -1 - -4. Suppose 14 - 41 = -w*y. What is the units digit of y?
9
Let i = 2 + -2. Let p(w) = i*w + 3 + 1 - w**2 + 3*w. What is the units digit of p(3)?
4
Suppose 13 = 3*i + i + w, -4*i + 3*w + 9 = 0. What is the units digit of i?
3
Let p(w) = -4*w**2 + w**2 + 2*w**2 - 6 - 6*w. Let g be p(-4). Let x = g - 1. What is the units digit of x?
1
Suppose 0 = z - 0*z. Suppose 2*n = 5*n - q - 20, 3*n + 3*q = z. Suppose 0 = n*k - 25, -5*r - 4 + 19 = -3*k. What is the units digit of r?
6
Let h = 38 - -15. What is the tens digit of h?
5
Suppose -q + 6*q - 405 = 0. What is the tens digit of q?
8
Let n(i) = i**2 - 2*i - 1. What is the units digit of n(-2)?
7
Let p(m) = -10 - 1 + m**2 - 14*m + 5*m. What is the units digit of p(13)?
1
What is the tens digit of (-3 - 1 - -5)*20?
2
Let f(l) = -l**3 - 5*l**2 + 6*l + 8. Let j(s) = -s**3 - s**2 + 3*s - 2. Let t be j(2). Let q be -5 - t - (1 + 8). What is the units digit of f(q)?
8
Let v(i) = 2*i**2 + 4*i + 2. What is the units digit of v(-3)?
8
Suppose -v = 4*t - 9*t + 2, 0 = -5*v + 4*t + 11. Let b(a) = -a**2 + v*a + 0 + 4*a + 2 - 2*a. What is the units digit of b(5)?
2
What is the tens digit of 35*(2 + (-2 - 0)/2)?
3
Suppose -2*j + 46 = 4*g - 80, 289 = 5*j - 3*g. Suppose -j = -4*p + 29. What is the tens digit of p?
2
Let b(h) = -3*h**3 + 3*h**2 + h + 3. Let t(p) = -8*p**3 + 8*p**2 + 2*p + 8. Let v(l) = 11*b(l) - 4*t(l). What is the units digit of v(-2)?
7
What is the hundreds digit of 733/7 + 4/14?
1
What is the tens digit of 3/4 + 2*171/24?
1
Suppose -5*f - 134 + 384 = 0. What is the units digit of f?
0
Let c be (-8)/10*10/4. Suppose -5*w + 7 = -13. Let g = w + c. What is the units digit of g?
2
Suppose 2*r = 3*r - 1, -r = 5*y + 9. Let p = 10 - 4. Let s = y + p. What is the units digit of s?
4
Suppose 0 = f - 0*f - 3. Suppose 5*h - f*k - 32 = 0, -4*k - 30 = -2*h - 6. What is the units digit of (-2)/2 + h - 2?
1
What is the units digit of ((-6)/((-12)/110))/1?
5
Suppose -2*i + 4*i - 160 = 0. What is the tens digit of i?
8
Let p(q) = -q**3 + 8*q**2 + 9*q. Let d be p(9). Suppose -3*f + d*a + 17 = -2*a, 26 = 2*f - 5*a. Suppose f*x - x = 14. What is the units digit of x?
7
What is the tens digit of (-2)/(((-3)/(-21))/(22/(-4)))?
7
Suppose -w - 6 = -2*w. What is the units digit of w?
6
Suppose -9 = 3*b - 87. What is the units digit of b?
6
Suppose -3*k + 161 = f - 0*f, k - 57 = 3*f. Suppose 2*u - k = -u. What is the tens digit of u?
1
Suppose 0 = f - 4*f - 12. Let v(b) = 3*b**2 - b + 5. Let a be v(f). What is the units digit of a/11 + 6/(-33)?
5
What is the tens digit of 193/2 - (-2)/(-4)?
9
Let f(o) = 6*o**2 - o - 3. What is the units digit of f(3)?
8
Let d = 18 - -178. What is the hundreds digit of d?
1
Let u be 9/(-36) + 153/4. Suppose u = 4*m - 62. What is the tens digit of m?
2
Suppose -5*b + 130 = 4*c, -c - 2*c + 115 = -5*b. What is the units digit of c?
5
Let x = 28 - 60. Let f = -23 - x. What is the units digit of f?
9
Let w(o) = -12*o - 27. What is the tens digit of w(-9)?
8
Suppose 5*h - 15 = -5. Suppose -3*g = -2*r + 28, h*r - 2*g = r + 16. Suppose 3*c + 50 = r*c. What is the tens digit of c?
1
Suppose -2*t + 4*l - 3*l = 16, 10 = -5*t - 5*l. Let h be t/(-4) - 6/(-4). Suppose 0 = -b - h*b + 80. What is the units digit of b?
0
Let x be -20*(36/5)/(-3). Let s be (54/(-8))/((-18)/x). Let r = s - 12. What is the units digit of r?
6
Suppose x - 1 = 4*w - 0*w, x = 1. Let f(v) = -2*v + 42. What is the units digit of f(w)?
2
Let r = -7 - -43. What is the tens digit of r?
3
Suppose -3*v + 4*v = -5, 0 = -5*d + 5*v + 375. What is the units digit of d?
0
Let f = 17 + -9. Let l = 16 - f. Suppose -2*w + 2 = -l. What is the units digit of w?
5
Let j(g) = -g**2 - 10*g - 12. Let n be j(-8). Let k be n - (0 + -1 + 2). Suppose -y - 13 = 5*f, k*f + 17 = 5*y - y. What is the units digit of y?
2
Let p = 131 - 85. What is the units digit of p?
6
Suppose 2*r = -3 - 5, v - 22 = 4*r. What is the units digit of v?
6
Let s(k) = -k**3 + 10*k**2 - 9*k + 12. Let y = 11 - -7. Suppose -2*q = -4*q + y. What is the units digit of s(q)?
2
Let k be -4*(-2 - 21/4). Let t = -21 + k. What is the units digit of ((-12)/t)/(3/(-22))?
1
Suppose -2*u = j - 11, 0 = u + 3*j - 0*j - 18. Suppose -5*m + 9 = -u*k + 23, 4*m = -3*k + 59. What is the units digit of k?
3
Suppose -4*m - 4*d + 28 = 0, -2*d + 3 = 1. Let x = m + -8. What is the units digit of (9 - x) + 6/(-3)?
9
Let z = -41 + 127. What is the tens digit of z?
8
Suppose 3*i = 5*q + 9, -4*i - 14 = 3*q + 3. Suppose 0 = 4*d - 10 + 2. What is the units digit of q/(-12)*d*2?
1
Let w = 22 + 34. What is the tens digit of w?
5
Let h(b) = b**3 + 30*b**2 + 25*b - 50. What is the tens digit of h(-29)?
6
Let h be (0 - (-1)/2)*4. Suppose -3*w + 52 = h*i + 3*i, 0 = 3*w + i - 32. What is the units digit of w?
9
Let z be (3 - 3/6)*2. Suppose 0 = d + z - 30. What is the units digit of d?
5
Let g(p) = p + 2. What is the units digit of g(5)?
7
Suppose 0 = 3*q + 2*l - 352, -l - 545 = -5*q + 4*l. What is the units digit of q?
4
Let l be (-3)/(-1 - 12/(-9)). Suppose 3 = -4*a + 7. Let t = a - l. What is the units digit of t?
0
S